{"id":6,"date":"2019-02-07T00:38:21","date_gmt":"2019-02-07T00:38:21","guid":{"rendered":"http:\/\/grounding.bleuer.com\/?page_id=2"},"modified":"2022-10-18T17:22:44","modified_gmt":"2022-10-18T17:22:44","slug":"willkommen","status":"publish","type":"page","link":"http:\/\/www.swissair-grounding.net\/","title":{"rendered":"Willkommen auf www.swissair-grounding.net"},"content":{"rendered":"\n<p>Vor \u00fcber 21 Jahren, am 02. Oktober 2001, wurde die schweizerische Luftfahrtgesellschaft &#171;Swissair&#187; gegroundet und sp\u00e4ter ganz aufgel\u00f6st.<br><br>Eine detaillierte Retrospektive \u00fcber das Grounding steht im Zentrum dieser Internetpr\u00e4senz. Der Autor dieser Zeilen ist eine Privatperson aus der Schweiz, die Recherchen zum Thema wurden aus pers\u00f6nlichem Interesse durchgef\u00fchrt. <\/p>\n\n\n\n<ul><li>Die Absichten und Ziele hinter dieser Webseite sind unter &#171;<a href=\"http:\/\/www.swissair-grounding.net\/absicht\/\">Absicht<\/a>&#187; nachzulesen. <\/li><li> Eine Kurzzusammenfassung des Textes finden Sie unter &#171;<a href=\"http:\/\/www.swissair-grounding.net\/index.php\/inhalte\/\">Inhalte<\/a>&#171;. <\/li><li> Der zur Diskussion stehende Artikel steht unter &#171;<a href=\"http:\/\/www.swissair-grounding.net\/index.php\/downloads\/\">Downloads<\/a>&#187; zur Lekt\u00fcre bereit.  <\/li><li> Eine Kommunikationsplattform steht unter &#171;<a href=\"http:\/\/www.swissair-grounding.net\/index.php\/guestbook\/\">Guestbook<\/a>&#187; jenen zur Verf\u00fcgung, die in einen Diskurs mit dem Autor und anderen Interessierten treten m\u00f6chten.  <\/li><\/ul>\n\n\n\n<p>www.swissair-grounding.net wird regelm\u00e4ssig aktualisiert und erweitert. <\/p>\n\n\n\n<p class=\"has-text-color\" style=\"color:#ff0004\">As of May 2018, the document is available in english as well! See &#171;<a href=\"http:\/\/www.swissair-grounding.net\/index.php\/downloads\/\">Downloads<\/a>&#187; section.<\/p>\n\n\n\n<p>Vielen Dank f\u00fcr Ihr Interesse und Ihren Besuch! <br><em>S. Ehrbar <\/em><\/p>\n","protected":false},"excerpt":{"rendered":"<p>Vor \u00fcber 21 Jahren, am 02. Oktober 2001, wurde die schweizerische Luftfahrtgesellschaft &#171;Swissair&#187; gegroundet und sp\u00e4ter ganz aufgel\u00f6st. Eine detaillierte Retrospektive \u00fcber das Grounding steht im Zentrum dieser Internetpr\u00e4senz. Der Autor dieser Zeilen ist eine Privatperson aus der Schweiz, die &hellip; <a href=\"http:\/\/www.swissair-grounding.net\/\">Weiterlesen <span class=\"meta-nav\">&rarr;<\/span><\/a><\/p>\n","protected":false},"author":1,"featured_media":0,"parent":0,"menu_order":0,"comment_status":"closed","ping_status":"closed","template":"","meta":{"footnotes":""},"_links":{"self":[{"href":"http:\/\/www.swissair-grounding.net\/index.php\/wp-json\/wp\/v2\/pages\/6"}],"collection":[{"href":"http:\/\/www.swissair-grounding.net\/index.php\/wp-json\/wp\/v2\/pages"}],"about":[{"href":"http:\/\/www.swissair-grounding.net\/index.php\/wp-json\/wp\/v2\/types\/page"}],"author":[{"embeddable":true,"href":"http:\/\/www.swissair-grounding.net\/index.php\/wp-json\/wp\/v2\/users\/1"}],"replies":[{"embeddable":true,"href":"http:\/\/www.swissair-grounding.net\/index.php\/wp-json\/wp\/v2\/comments?post=6"}],"version-history":[{"count":4,"href":"http:\/\/www.swissair-grounding.net\/index.php\/wp-json\/wp\/v2\/pages\/6\/revisions"}],"predecessor-version":[{"id":173,"href":"http:\/\/www.swissair-grounding.net\/index.php\/wp-json\/wp\/v2\/pages\/6\/revisions\/173"}],"wp:attachment":[{"href":"http:\/\/www.swissair-grounding.net\/index.php\/wp-json\/wp\/v2\/media?parent=6"}],"curies":[{"name":"wp","href":"https:\/\/api.w.org\/{rel}","templated":true}]}}

<p>Vor über 21 Jahren, am 02. Oktober 2001, wurde die schweizerische Luftfahrtgesellschaft &#171;Swissair&#187; gegroundet und später ganz aufgelöst.<br><br>Eine detaillierte Retrospektive über das Grounding steht im Zentrum dieser Internetpräsenz. Der Autor dieser Zeilen ist eine Privatperson aus der Schweiz, die Recherchen zum Thema wurden aus persönlichem Interesse durchgeführt. </p>



<ul><li>Die Absichten und Ziele hinter dieser Webseite sind unter &#171;<a href="http://www.swissair-grounding.net/absicht/">Absicht</a>&#187; nachzulesen. </li><li> Eine Kurzzusammenfassung des Textes finden Sie unter &#171;<a href="http://www.swissair-grounding.net/index.php/inhalte/">Inhalte</a>&#171;. </li><li> Der zur Diskussion stehende Artikel steht unter &#171;<a href="http://www.swissair-grounding.net/index.php/downloads/">Downloads</a>&#187; zur Lektüre bereit.  </li><li> Eine Kommunikationsplattform steht unter &#171;<a href="http://www.swissair-grounding.net/index.php/guestbook/">Guestbook</a>&#187; jenen zur Verfügung, die in einen Diskurs mit dem Autor und anderen Interessierten treten möchten.  </li></ul>



<p>www.swissair-grounding.net wird regelmässig aktualisiert und erweitert. </p>



<p class="has-text-color" style="color:#ff0004">As of May 2018, the document is available in english as well! See &#171;<a href="http://www.swissair-grounding.net/index.php/downloads/">Downloads</a>&#187; section.</p>



<p>Vielen Dank für Ihr Interesse und Ihren Besuch! <br><em>S. Ehrbar </em></p>

<p>Vor über 21 Jahren, am 02. Oktober 2001, wurde die schweizerische Luftfahrtgesellschaft &#171;Swissair&#187; gegroundet und später ganz aufgelöst. Eine detaillierte Retrospektive über das Grounding steht im Zentrum dieser Internetpräsenz. Der Autor dieser Zeilen ist eine Privatperson aus der Schweiz, die &hellip; <a href="http://www.swissair-grounding.net/">Weiterlesen <span class="meta-nav">&rarr;</span></a></p>
