{"id":122,"date":"2019-11-28T14:24:06","date_gmt":"2019-11-28T14:24:06","guid":{"rendered":"http:\/\/www.swissair-grounding.net\/?page_id=122"},"modified":"2019-11-30T11:33:14","modified_gmt":"2019-11-30T11:33:14","slug":"datenschutzerklaerung","status":"publish","type":"page","link":"http:\/\/www.swissair-grounding.net\/index.php\/datenschutzerklaerung\/","title":{"rendered":"Datenschutzerkl\u00e4rung"},"content":{"rendered":"\n<p><em>Die Datenschutzerkl\u00e4rung muss ich zum Schutz etwelcher Klagen aus\n dem neuen europ\u00e4ischen Datenschutzgesetz aufschalten. Sie wurde mit dem\n <\/em><em>Datenschutzerkl\u00e4rungs-Generator der activeMind AG erstellt<\/em><em> und f\u00fcr die vorliegende Anwendung resp. Website angepasst.<\/em><\/p>\n\n\n\n<p>Verantwortliche Stelle im Sinne der Datenschutzgesetze, insbesondere der EU-Datenschutzgrundverordnung (DSGVO), ist:<br><br>http:\/\/www.swissair-grounding.net<\/p>\n\n\n\n<p><\/p>\n\n\n\n<h2 class=\"wp-block-heading\">Deine Betroffenenrechte<\/h2>\n\n\n\n<p>Unter den angegebenen Kontaktdaten kannst Du jederzeit folgende Rechte aus\u00fcben:<\/p>\n\n\n\n<ul><li>Auskunft \u00fcber Deine hier gespeicherten Daten und deren Verarbeitung,<\/li><li>Berichtigung unrichtiger personenbezogener Daten,<\/li><li>L\u00f6schung Deiner hier gespeicherten Daten,<\/li><li>Einschr\u00e4nkung der Datenverarbeitung, sofern ich Deine Daten aufgrund gesetzlicher Pflichten noch nicht l\u00f6schen darf,<\/li><li>Widerspruch gegen die Verarbeitung Deiner Daten hier und<\/li><li>Daten\u00fcbertragbarkeit, sofern Du in die Datenverarbeitung eingewilligt hast oder einen Vertrag mit mir abgeschlossen hast.<\/li><\/ul>\n\n\n\n<p>Sofern Du mir eine Einwilligung erteilt hast, kannst Du diese jederzeit mit Wirkung f\u00fcr die Zukunft widerrufen.<\/p>\n\n\n\n<p>Du kannst Dich jederzeit mit einer Beschwerde an die f\u00fcr Dich \nzust\u00e4ndige Aufsichtsbeh\u00f6rde wenden. Deine zust\u00e4ndige Aufsichtsbeh\u00f6rde \nrichtet sich nach dem Bundesland Deines Wohnsitzes, Deiner Arbeit oder \nder mutma\u00dflichen Verletzung. Eine Liste der Aufsichtsbeh\u00f6rden (f\u00fcr den \nnicht\u00f6ffentlichen Bereich) mit Anschrift findest Du zum Beispiel unter:<br>\n<a href=\"https:\/\/www.bfdi.bund.de\/DE\/Infothek\/Anschriften_Links\/anschriften_links-node.html\" target=\"_blank\" rel=\"noreferrer noopener\">https:\/\/www.bfdi.bund.de\/DE\/Infothek\/Anschriften_Links\/anschriften_links-node.html<\/a>.<\/p>\n\n\n\n<h2 class=\"wp-block-heading\">Zwecke der Datenverarbeitung durch die verantwortliche Stelle und Dritte<\/h2>\n\n\n\n<p>Ich verarbeite Deine personenbezogenen Daten eigentlich gar nicht,  und wenn dann nur zu den in dieser Datenschutzerkl\u00e4rung genannten  Zwecken. Eine \u00dcbermittlung Deiner pers\u00f6nlichen Daten an Dritte zu anderen als den genannten Zwecken findet nicht statt. Ich gebe Deine pers\u00f6nlichen Daten nur an Dritte weiter, wenn:<\/p>\n\n\n\n<ul><li>Du mir Deine ausdr\u00fcckliche Einwilligung dazu erteilt hast,<\/li><li>die Verarbeitung zur Abwicklung eines Vertrags mit Dir erforderlich ist,<\/li><li>die Verarbeitung zur Erf\u00fcllung einer rechtlichen Verpflichtung erforderlich ist,<\/li><li>die Verarbeitung zur Wahrung berechtigter Interessen erforderlich ist und kein Grund zur Annahme besteht, dass Du ein \u00fcberwiegendes schutzw\u00fcrdiges Interesse an der Nichtweitergabe Deiner Daten hast. <\/li><\/ul>\n\n\n\n<h2 class=\"wp-block-heading\">L\u00f6schung bzw. Sperrung der Daten<\/h2>\n\n\n\n<p>Ich halte mich an die Grunds\u00e4tze der Datenvermeidung und Datensparsamkeit. Ich speichere Deine personenbezogenen Daten daher nur so lange, wie dies zur Erreichung der hier genannten Zwecke erforderlich ist oder wie es die vom Gesetzgeber vorgesehenen vielf\u00e4ltigen Speicherfristen vorsehen. Nach Fortfall des jeweiligen Zweckes bzw. Ablauf dieser Fristen werden die entsprechenden Daten routinem\u00e4\u00dfig und entsprechend den gesetzlichen Vorschriften gesperrt oder gel\u00f6scht.<\/p>\n\n\n\n<h2 class=\"wp-block-heading\">Erfassung allgemeiner Informationen beim Besuch meiner Website<\/h2>\n\n\n\n<p>Wenn Du auf meine Website zugreifst, werden automatisch mittels eines Cookies Informationen allgemeiner Natur erfasst. Diese Informationen (Server-Logfiles) beinhalten etwa die Art des Webbrowsers, das  verwendete Betriebssystem, den Domainnamen Deines Internet-Service-Providers und \u00e4hnliches. Hierbei handelt es sich  ausschlie\u00dflich um Informationen, welche keine R\u00fcckschl\u00fcsse auf Deine  Person zulassen.<\/p>\n\n\n\n<p>Diese Informationen sind technisch notwendig, um von Dir angeforderte Inhalte von dieser Website korrekt auszuliefern und fallen allgemein bei Nutzung des Internets in den allermeisten F\u00e4llen an. Sie werden insbesondere zu folgenden Zwecken verarbeitet:<\/p>\n\n\n\n<ul><li>Sicherstellung eines problemlosen Verbindungsaufbaus der Website,<\/li><li>Sicherstellung einer reibungslosen Nutzung der Website,<\/li><li>Auswertung der Systemsicherheit und -stabilit\u00e4t.<\/li><\/ul>\n\n\n\n<p>Die Verarbeitung Deiner personenbezogenen Daten basiert auf meinem berechtigten Interesse aus den vorgenannten Zwecken zur Datenerhebung. Ich verwende Deine Daten nicht, um R\u00fcckschl\u00fcsse auf Deine Person zu ziehen. Empf\u00e4nger der Daten ist nur die verantwortliche Stelle. Anonyme Informationen dieser Art werden von mir ggfs. statistisch   ausgewertet, um meinen Internetauftritt und die dahinterstehende Technik zu optimieren. <\/p>\n\n\n\n<h2 class=\"wp-block-heading\">Cookies<\/h2>\n\n\n\n<p>Wie viele andere Webseiten verwendet auch dieses Website so genannte \u201eCookies\u201c. Cookies sind kleine Textdateien, die von einem Websiteserver auf Deine Festplatte \u00fcbertragen werden. Hierdurch erhalte ich automatisch bestimmte Daten wie z. B. IP-Adresse, verwendeter Browser, Betriebssystem und Deine Verbindung zum Internet.<\/p>\n\n\n\n<p>Cookies k\u00f6nnen nicht verwendet werden, um Programme zu starten oder  Viren auf einen Computer zu \u00fcbertragen. Anhand der in Cookies enthaltenen Informationen kann ich Dir die Navigation erleichtern und die korrekte Anzeige dieser Webseite erm\u00f6glichen.<\/p>\n\n\n\n<p>In keinem Fall werden die von mir erfassten Daten an Dritte  weitergegeben oder ohne Deine Einwilligung eine Verkn\u00fcpfung mit personenbezogenen Daten hergestellt.<\/p>\n\n\n\n<p>Nat\u00fcrlich kannst Du meine Website grunds\u00e4tzlich auch ohne Cookies betrachten. Internet-Browser sind regelm\u00e4\u00dfig so eingestellt, dass sie  Cookies akzeptieren. Im Allgemeinen kannst Du die Verwendung von Cookies  jederzeit \u00fcber die Einstellungen Deines Browsers deaktivieren. Bitte verwende dazu die Hilfefunktionen Deines Internetbrowsers, um zu erfahren, wie Du diese Einstellungen \u00e4ndern kannst. Bitte beachte, dass  einzelne Funktionen dieser Website m\u00f6glicherweise nicht funktionieren,  wenn Du die Verwendung von Cookies deaktiviert hast.<\/p>\n\n\n\n<h2 class=\"wp-block-heading\">Registrierung auf dieser Webseite<\/h2>\n\n\n\n<p>Bei der Registrierung f\u00fcr die Nutzung meiner personalisierten Inhalte werden einige personenbezogene Daten erhoben. Bist Du hier registriert, kannst Du auf Inhalte und Leistungen zugreifen, die ich nur registrierten Nutzern anbiete. Angemeldete Nutzer haben zudem die  M\u00f6glichkeit, bei Bedarf die bei Registrierung angegebenen Daten  jederzeit zu \u00e4ndern oder zu l\u00f6schen. Selbstverst\u00e4ndlich erteile ich Dir  dar\u00fcber hinaus jederzeit Auskunft \u00fcber die von mir \u00fcber Dich gespeicherten personenbezogenen Daten. Gerne berichtige bzw. l\u00f6sche ich  diese auch auf Deinen Wunsch, soweit keine gesetzlichen  Aufbewahrungspflichten entgegenstehen. Zur Kontaktaufnahme in diesem  Zusammenhang nutze bitte die am Ende dieser Datenschutzerkl\u00e4rung  angegebenen Kontaktdaten.<\/p>\n\n\n\n<h2 class=\"wp-block-heading\">SSL-Verschl\u00fcsselung<\/h2>\n\n\n\n<p>Um die Sicherheit Deiner Daten bei der \u00dcbertragung zu sch\u00fctzen, verwende ich dem aktuellen Stand der Technik entsprechende Verschl\u00fcsselungsverfahren (z. B. SSL) \u00fcber HTTPS.<\/p>\n\n\n\n<h2 class=\"wp-block-heading\">Kommentarfunktion<\/h2>\n\n\n\n<p>Wenn Nutzer Kommentare auf meiner Website hinterlassen, werden neben \ndiesen Angaben auch der Zeitpunkt ihrer Erstellung und der zuvor durch \nden Websitebesucher gew\u00e4hlte Nutzername gespeichert. Dies dient meiner \nSicherheit, da ich f\u00fcr widerrechtliche Inhalte auf meiner Webseite \nbelangt werden kann, auch wenn diese durch Benutzer erstellt wurden.<\/p>\n\n\n\n<h2 class=\"wp-block-heading\">Kontaktformular<\/h2>\n\n\n\n<p>Trittst Du bzgl. Fragen jeglicher Art per E-Mail oder Kontaktformular mit mir in Kontakt, erteilst Du mir zum Zwecke der Kontaktaufnahme  Deine freiwillige Einwilligung. Hierf\u00fcr ist die Angabe einer validen  E-Mail-Adresse erforderlich. Diese dient der Zuordnung der Anfrage und  der anschlie\u00dfenden Beantwortung derselben. Die Angabe weiterer Daten ist  optional. Die von Dir gemachten Angaben werden zum Zwecke der  Bearbeitung der Anfrage sowie f\u00fcr m\u00f6gliche Anschlussfragen gespeichert.  Nach Erledigung der von Dir gestellten Anfrage werden personenbezogene  Daten automatisch gel\u00f6scht.<\/p>\n\n\n\n<h2 class=\"wp-block-heading\">G\u00e4stebuch<\/h2>\n\n\n\n<p>When visitors \nleave entries on the site we collect the data entered in the guestbook \nform and possibly the IP address and hostname of the visitor to help \nspam detection.<\/p>\n\n\n\n<p>An anonymized string created from your email address (also called a hash) may be provided to the Gravatar service to see if you are using it. The Gravatar service privacy policy is available here:  https:\/\/automattic.com\/privacy\/. After approval of your entry, your  profile picture is visible to the public in the context of your  guestbook entry.<\/p>\n\n\n\n<p>The entered entry and its metadata may be sent to third parties like Akismet and Stop Forum Spam to help spam detection. Their respective  privacy policies are at https:\/\/automattic.com\/privacy\/ and https:\/\/www.stopforumspam.com\/privacy.<\/p>\n\n\n\n<h2 class=\"wp-block-heading\">\u00c4nderung unserer Datenschutzbestimmungen<\/h2>\n\n\n\n<p>Ich behalte mir vor, diese Datenschutzerkl\u00e4rung anzupassen, damit sie\n stets den aktuellen rechtlichen Anforderungen entspricht oder um \n\u00c4nderungen meiner Leistungen in der Datenschutzerkl\u00e4rung umzusetzen, \nz.B. bei der Einf\u00fchrung neuer Services. F\u00fcr Deinen erneuten Besuch gilt \ndann die neue Datenschutzerkl\u00e4rung.<\/p>\n\n\n\n<h2 class=\"wp-block-heading\">Fragen an den Datenschutzbeauftragten<\/h2>\n\n\n\n<p>Wenn Du Fragen zum Datenschutz hast, wende Dich direkt an die f\u00fcr den Datenschutz verantwortliche Person  in unserer Organisation: <br><br><a href=\"http:\/\/www.swissair-grounding.net\/index.php\/guestbook\/\">http:\/\/www.swissair-grounding.net<\/a>, S. Ehrbar<\/p>\n","protected":false},"excerpt":{"rendered":"<p>Die Datenschutzerkl\u00e4rung muss ich zum Schutz etwelcher Klagen aus dem neuen europ\u00e4ischen Datenschutzgesetz aufschalten. Sie wurde mit dem Datenschutzerkl\u00e4rungs-Generator der activeMind AG erstellt und f\u00fcr die vorliegende Anwendung resp. Website angepasst. Verantwortliche Stelle im Sinne der Datenschutzgesetze, insbesondere der EU-Datenschutzgrundverordnung &hellip; <a href=\"http:\/\/www.swissair-grounding.net\/index.php\/datenschutzerklaerung\/\">Weiterlesen <span class=\"meta-nav\">&rarr;<\/span><\/a><\/p>\n","protected":false},"author":1,"featured_media":0,"parent":0,"menu_order":0,"comment_status":"closed","ping_status":"closed","template":"","meta":{"footnotes":""},"_links":{"self":[{"href":"http:\/\/www.swissair-grounding.net\/index.php\/wp-json\/wp\/v2\/pages\/122"}],"collection":[{"href":"http:\/\/www.swissair-grounding.net\/index.php\/wp-json\/wp\/v2\/pages"}],"about":[{"href":"http:\/\/www.swissair-grounding.net\/index.php\/wp-json\/wp\/v2\/types\/page"}],"author":[{"embeddable":true,"href":"http:\/\/www.swissair-grounding.net\/index.php\/wp-json\/wp\/v2\/users\/1"}],"replies":[{"embeddable":true,"href":"http:\/\/www.swissair-grounding.net\/index.php\/wp-json\/wp\/v2\/comments?post=122"}],"version-history":[{"count":2,"href":"http:\/\/www.swissair-grounding.net\/index.php\/wp-json\/wp\/v2\/pages\/122\/revisions"}],"predecessor-version":[{"id":131,"href":"http:\/\/www.swissair-grounding.net\/index.php\/wp-json\/wp\/v2\/pages\/122\/revisions\/131"}],"wp:attachment":[{"href":"http:\/\/www.swissair-grounding.net\/index.php\/wp-json\/wp\/v2\/media?parent=122"}],"curies":[{"name":"wp","href":"https:\/\/api.w.org\/{rel}","templated":true}]}}

Datenschutzerklärung

<p><em>Die Datenschutzerklärung muss ich zum Schutz etwelcher Klagen aus
 dem neuen europäischen Datenschutzgesetz aufschalten. Sie wurde mit dem
 </em><em>Datenschutzerklärungs-Generator der activeMind AG erstellt</em><em> und für die vorliegende Anwendung resp. Website angepasst.</em></p>



<p>Verantwortliche Stelle im Sinne der Datenschutzgesetze, insbesondere der EU-Datenschutzgrundverordnung (DSGVO), ist:<br><br>http://www.swissair-grounding.net</p>



<p></p>



<h2 class="wp-block-heading">Deine Betroffenenrechte</h2>



<p>Unter den angegebenen Kontaktdaten kannst Du jederzeit folgende Rechte ausüben:</p>



<ul><li>Auskunft über Deine hier gespeicherten Daten und deren Verarbeitung,</li><li>Berichtigung unrichtiger personenbezogener Daten,</li><li>Löschung Deiner hier gespeicherten Daten,</li><li>Einschränkung der Datenverarbeitung, sofern ich Deine Daten aufgrund gesetzlicher Pflichten noch nicht löschen darf,</li><li>Widerspruch gegen die Verarbeitung Deiner Daten hier und</li><li>Datenübertragbarkeit, sofern Du in die Datenverarbeitung eingewilligt hast oder einen Vertrag mit mir abgeschlossen hast.</li></ul>



<p>Sofern Du mir eine Einwilligung erteilt hast, kannst Du diese jederzeit mit Wirkung für die Zukunft widerrufen.</p>



<p>Du kannst Dich jederzeit mit einer Beschwerde an die für Dich 
zuständige Aufsichtsbehörde wenden. Deine zuständige Aufsichtsbehörde 
richtet sich nach dem Bundesland Deines Wohnsitzes, Deiner Arbeit oder 
der mutmaßlichen Verletzung. Eine Liste der Aufsichtsbehörden (für den 
nichtöffentlichen Bereich) mit Anschrift findest Du zum Beispiel unter:<br>
<a href="https://www.bfdi.bund.de/DE/Infothek/Anschriften_Links/anschriften_links-node.html" target="_blank" rel="noreferrer noopener">https://www.bfdi.bund.de/DE/Infothek/Anschriften_Links/anschriften_links-node.html</a>.</p>



<h2 class="wp-block-heading">Zwecke der Datenverarbeitung durch die verantwortliche Stelle und Dritte</h2>



<p>Ich verarbeite Deine personenbezogenen Daten eigentlich gar nicht,  und wenn dann nur zu den in dieser Datenschutzerklärung genannten  Zwecken. Eine Übermittlung Deiner persönlichen Daten an Dritte zu anderen als den genannten Zwecken findet nicht statt. Ich gebe Deine persönlichen Daten nur an Dritte weiter, wenn:</p>



<ul><li>Du mir Deine ausdrückliche Einwilligung dazu erteilt hast,</li><li>die Verarbeitung zur Abwicklung eines Vertrags mit Dir erforderlich ist,</li><li>die Verarbeitung zur Erfüllung einer rechtlichen Verpflichtung erforderlich ist,</li><li>die Verarbeitung zur Wahrung berechtigter Interessen erforderlich ist und kein Grund zur Annahme besteht, dass Du ein überwiegendes schutzwürdiges Interesse an der Nichtweitergabe Deiner Daten hast. </li></ul>



<h2 class="wp-block-heading">Löschung bzw. Sperrung der Daten</h2>



<p>Ich halte mich an die Grundsätze der Datenvermeidung und Datensparsamkeit. Ich speichere Deine personenbezogenen Daten daher nur so lange, wie dies zur Erreichung der hier genannten Zwecke erforderlich ist oder wie es die vom Gesetzgeber vorgesehenen vielfältigen Speicherfristen vorsehen. Nach Fortfall des jeweiligen Zweckes bzw. Ablauf dieser Fristen werden die entsprechenden Daten routinemäßig und entsprechend den gesetzlichen Vorschriften gesperrt oder gelöscht.</p>



<h2 class="wp-block-heading">Erfassung allgemeiner Informationen beim Besuch meiner Website</h2>



<p>Wenn Du auf meine Website zugreifst, werden automatisch mittels eines Cookies Informationen allgemeiner Natur erfasst. Diese Informationen (Server-Logfiles) beinhalten etwa die Art des Webbrowsers, das  verwendete Betriebssystem, den Domainnamen Deines Internet-Service-Providers und ähnliches. Hierbei handelt es sich  ausschließlich um Informationen, welche keine Rückschlüsse auf Deine  Person zulassen.</p>



<p>Diese Informationen sind technisch notwendig, um von Dir angeforderte Inhalte von dieser Website korrekt auszuliefern und fallen allgemein bei Nutzung des Internets in den allermeisten Fällen an. Sie werden insbesondere zu folgenden Zwecken verarbeitet:</p>



<ul><li>Sicherstellung eines problemlosen Verbindungsaufbaus der Website,</li><li>Sicherstellung einer reibungslosen Nutzung der Website,</li><li>Auswertung der Systemsicherheit und -stabilität.</li></ul>



<p>Die Verarbeitung Deiner personenbezogenen Daten basiert auf meinem berechtigten Interesse aus den vorgenannten Zwecken zur Datenerhebung. Ich verwende Deine Daten nicht, um Rückschlüsse auf Deine Person zu ziehen. Empfänger der Daten ist nur die verantwortliche Stelle. Anonyme Informationen dieser Art werden von mir ggfs. statistisch   ausgewertet, um meinen Internetauftritt und die dahinterstehende Technik zu optimieren. </p>



<h2 class="wp-block-heading">Cookies</h2>



<p>Wie viele andere Webseiten verwendet auch dieses Website so genannte „Cookies“. Cookies sind kleine Textdateien, die von einem Websiteserver auf Deine Festplatte übertragen werden. Hierdurch erhalte ich automatisch bestimmte Daten wie z. B. IP-Adresse, verwendeter Browser, Betriebssystem und Deine Verbindung zum Internet.</p>



<p>Cookies können nicht verwendet werden, um Programme zu starten oder  Viren auf einen Computer zu übertragen. Anhand der in Cookies enthaltenen Informationen kann ich Dir die Navigation erleichtern und die korrekte Anzeige dieser Webseite ermöglichen.</p>



<p>In keinem Fall werden die von mir erfassten Daten an Dritte  weitergegeben oder ohne Deine Einwilligung eine Verknüpfung mit personenbezogenen Daten hergestellt.</p>



<p>Natürlich kannst Du meine Website grundsätzlich auch ohne Cookies betrachten. Internet-Browser sind regelmäßig so eingestellt, dass sie  Cookies akzeptieren. Im Allgemeinen kannst Du die Verwendung von Cookies  jederzeit über die Einstellungen Deines Browsers deaktivieren. Bitte verwende dazu die Hilfefunktionen Deines Internetbrowsers, um zu erfahren, wie Du diese Einstellungen ändern kannst. Bitte beachte, dass  einzelne Funktionen dieser Website möglicherweise nicht funktionieren,  wenn Du die Verwendung von Cookies deaktiviert hast.</p>



<h2 class="wp-block-heading">Registrierung auf dieser Webseite</h2>



<p>Bei der Registrierung für die Nutzung meiner personalisierten Inhalte werden einige personenbezogene Daten erhoben. Bist Du hier registriert, kannst Du auf Inhalte und Leistungen zugreifen, die ich nur registrierten Nutzern anbiete. Angemeldete Nutzer haben zudem die  Möglichkeit, bei Bedarf die bei Registrierung angegebenen Daten  jederzeit zu ändern oder zu löschen. Selbstverständlich erteile ich Dir  darüber hinaus jederzeit Auskunft über die von mir über Dich gespeicherten personenbezogenen Daten. Gerne berichtige bzw. lösche ich  diese auch auf Deinen Wunsch, soweit keine gesetzlichen  Aufbewahrungspflichten entgegenstehen. Zur Kontaktaufnahme in diesem  Zusammenhang nutze bitte die am Ende dieser Datenschutzerklärung  angegebenen Kontaktdaten.</p>



<h2 class="wp-block-heading">SSL-Verschlüsselung</h2>



<p>Um die Sicherheit Deiner Daten bei der Übertragung zu schützen, verwende ich dem aktuellen Stand der Technik entsprechende Verschlüsselungsverfahren (z. B. SSL) über HTTPS.</p>



<h2 class="wp-block-heading">Kommentarfunktion</h2>



<p>Wenn Nutzer Kommentare auf meiner Website hinterlassen, werden neben 
diesen Angaben auch der Zeitpunkt ihrer Erstellung und der zuvor durch 
den Websitebesucher gewählte Nutzername gespeichert. Dies dient meiner 
Sicherheit, da ich für widerrechtliche Inhalte auf meiner Webseite 
belangt werden kann, auch wenn diese durch Benutzer erstellt wurden.</p>



<h2 class="wp-block-heading">Kontaktformular</h2>



<p>Trittst Du bzgl. Fragen jeglicher Art per E-Mail oder Kontaktformular mit mir in Kontakt, erteilst Du mir zum Zwecke der Kontaktaufnahme  Deine freiwillige Einwilligung. Hierfür ist die Angabe einer validen  E-Mail-Adresse erforderlich. Diese dient der Zuordnung der Anfrage und  der anschließenden Beantwortung derselben. Die Angabe weiterer Daten ist  optional. Die von Dir gemachten Angaben werden zum Zwecke der  Bearbeitung der Anfrage sowie für mögliche Anschlussfragen gespeichert.  Nach Erledigung der von Dir gestellten Anfrage werden personenbezogene  Daten automatisch gelöscht.</p>



<h2 class="wp-block-heading">Gästebuch</h2>



<p>When visitors 
leave entries on the site we collect the data entered in the guestbook 
form and possibly the IP address and hostname of the visitor to help 
spam detection.</p>



<p>An anonymized string created from your email address (also called a hash) may be provided to the Gravatar service to see if you are using it. The Gravatar service privacy policy is available here:  https://automattic.com/privacy/. After approval of your entry, your  profile picture is visible to the public in the context of your  guestbook entry.</p>



<p>The entered entry and its metadata may be sent to third parties like Akismet and Stop Forum Spam to help spam detection. Their respective  privacy policies are at https://automattic.com/privacy/ and https://www.stopforumspam.com/privacy.</p>



<h2 class="wp-block-heading">Änderung unserer Datenschutzbestimmungen</h2>



<p>Ich behalte mir vor, diese Datenschutzerklärung anzupassen, damit sie
 stets den aktuellen rechtlichen Anforderungen entspricht oder um 
Änderungen meiner Leistungen in der Datenschutzerklärung umzusetzen, 
z.B. bei der Einführung neuer Services. Für Deinen erneuten Besuch gilt 
dann die neue Datenschutzerklärung.</p>



<h2 class="wp-block-heading">Fragen an den Datenschutzbeauftragten</h2>



<p>Wenn Du Fragen zum Datenschutz hast, wende Dich direkt an die für den Datenschutz verantwortliche Person  in unserer Organisation: <br><br><a href="http://www.swissair-grounding.net/index.php/guestbook/">http://www.swissair-grounding.net</a>, S. Ehrbar</p>

<p>Die Datenschutzerklärung muss ich zum Schutz etwelcher Klagen aus dem neuen europäischen Datenschutzgesetz aufschalten. Sie wurde mit dem Datenschutzerklärungs-Generator der activeMind AG erstellt und für die vorliegende Anwendung resp. Website angepasst. Verantwortliche Stelle im Sinne der Datenschutzgesetze, insbesondere der EU-Datenschutzgrundverordnung &hellip; <a href="http://www.swissair-grounding.net/index.php/datenschutzerklaerung/">Weiterlesen <span class="meta-nav">&rarr;</span></a></p>
